74544?
7
What is the tens digit of 77429006?
0
What is the ten thousands digit of 248241625?
4
What is the tens digit of 678045496?
9
What is the hundred thousands digit of 224456682?
4
What is the thousands digit of 12027128?
7
What is the hundreds digit of 13055635?
6
What is the millions digit of 6283532153?
3
What is the thousands digit of 39792694?
2
What is the units digit of 665547669?
9
What is the units digit of 28961646?
6
What is the hundred millions digit of 3128790651?
1
What is the millions digit of 3629789701?
9
What is the tens digit of 276102831?
3
What is the hundreds digit of 1875359685?
6
What is the tens digit of 3568705707?
0
What is the units digit of 1599473406?
6
What is the tens digit of 15698087?
8
What is the millions digit of 3209789?
3
What is the tens digit of 164399631?
3
What is the ten thousands digit of 1909620413?
2
What is the hundred thousands digit of 3048037957?
0
What is the tens digit of 58232935?
3
What is the ten thousands digit of 12804072?
0
What is the hundred thousands digit of 35789592?
7
What is the hundreds digit of 31279553?
5
What is the hundred millions digit of 103837115?
1
What is the hundred thousands digit of 36098568?
0
What is the tens digit of 17144073?
7
What is the thousands digit of 39026177?
6
What is the units digit of 1025975181?
1
What is the units digit of 1066969813?
3
What is the hundred thousands digit of 648682708?
6
What is the thousands digit of 141672090?
2
What is the ten millions digit of 1472153865?
7
What is the hundreds digit of 6121873891?
8
What is the units digit of 296238922?
2
What is the millions digit of 36277042?
6
What is the thousands digit of 69504814?
4
What is the hundred millions digit of 263681287?
2
What is the millions digit of 996694706?
6
What is the tens digit of 42592173?
7
What is the hundred thousands digit of 99815520?
8
What is the units digit of 3386734747?
7
What is the hundreds digit of 53479162?
1
What is the tens digit of 788408020?
2
What is the ten millions digit of 693289988?
9
What is the units digit of 122767879?
9
What is the millions digit of 144967141?
4
What is the hundred thousands digit of 1613845597?
8
What is the ten thousands digit of 700476487?
7
What is the thousands digit of 28985906?
5
What is the ten thousands digit of 438708109?
0
What is the ten millions digit of 635752025?
3
What is the thousands digit of 185437544?
7
What is the thousands digit of 168685507?
5
What is the hundreds digit of 1914399356?
3
What is the hundreds digit of 28815906?
9
What is the tens digit of 2354761556?
5
What is the millions digit of 1414518799?
4
What is the units digit of 2275186?
6
What is the hundred millions digit of 617151285?
6
What is the millions digit of 29162079?
9
What is the ten thousands digit of 805967854?
6
What is the millions digit of 558114024?
8
What is the tens digit of 614662583?
8
What is the hundred thousands digit of 31001346?
0
What is the hundreds digit of 1264022731?
7
What is the tens digit of 577951544?
4
What is the thousands digit of 44217225?
7
What is the hundred millions digit of 343150457?
3
What is the tens digit of 7893602?
0
What is the thousands digit of 139271256?
1
What is the millions digit of 31228090?
1
What is the tens digit of 673698510?
1
What is the hundreds digit of 285840782?
7
What is the ten thousands digit of 4012911775?
1
What is the units digit of 367103250?
0
What is the thousands digit of 286017367?
7
What is the hundred thousands digit of 74251018?
2
What is the ten millions digit of 138981279?
3
What is the hundred thousands digit of 3788859943?
8
What is the thousands digit of 64575497?
5
What is the hundred thousands digit of 1010372036?
3
What is the tens digit of 75388875?
7
What is the millions digit of 5580266?
5
What is the ten thousands digit of 217356945?
5
What is the ten millions digit of 2177365418?
7
What is the hundred millions digit of 163996330?
1
What is the units digit of 26689472?
2
What is the hundreds digit of 1004769503?
5
What is the ten thousands digit of 53550668?
5
What is the millions digit of 72517991?
2
What is the thousands digit of 3849965872?
5
What is the units digit of 119340734?
4
What is the tens digit of 404475573?
7
What is the units digit of 550801383?
3
What is the millions digit of 1872914432?
2
What is the billions digit of 6399119198?
6
What is the thousands digit of 3404092207?
2
What is the thousands digit of 731205434?
5
What is the ten thousands digit of 11399976?
9
What is the ten millions digit of 1078432966?
7
What is the hundred thousands digit of 198246766?
2
What is the tens digit of 572532952?
5
What is the ten thousands digit of 122925164?
2
What is the thousands digit of 793129615?
9
What is the hundred millions digit of 650767569?
6
What is the units digit of 605066541?
1
What is the thousands digit of 2521575342?
5
What is the hundreds digit of 1885608402?
4
What is the tens digit of 155794524?
2
What is the tens digit of 46872262?
6
What is the units digit of 39734988?
8
What is the thousands digit of 6829686447?
6
What is the ten millions digit of 794853446?
9
What is the thousands digit of 3492788078?
8
What is the ten millions digit of 21867367?
2
What is the ten millions digit of 96656160?
9
What is the hundred millions digit of 284734142?
2
What is the thousands digit of 1859418820?
8
What is the millions digit of 348858174?
8
What is the hundred thousands digit of 6695604795?
6
What is the ten millions digit of 826666450?
2
What is the millions digit of 137389545?
7
What is the millions digit of 409963879?
9
What is the millions digit of 148854729?
8
What is the millions digit of 53684816?
3
What is the hundred millions digit of 121050998?
1
What is the hundreds digit of 1252754?
7
What is the tens digit of 3533075550?
5
What is the hundreds digit of 204308162?
1
What is the ten millions digit of 431435473?
3
What is the ten thousands digit of 1371367158?
6
What is the millions digit of 25949073?
5
What is the millions digit of 32902830?
2
What is the tens digit of 71987880?
8
What is the billions digit of 1116388261?
1
What is the units digit of 13050095?
5
What is the hundred thousands digit of 2778900759?
9
What is the millions digit of 649725713?
9
What is the ten thousands digit of 1122954742?
5
What is the thousands digit of 167045994?
5
What is the thousands digit of 580178109?
8
What is the units digit of 318033803?
3
What is the hundred thousands digit of 207807890?
8
What is the units digit of 340445934?
4
What is the millions digit of 494995358?
4
What is the billions digit of 1918387477?
1
What is the tens digit of 7507858306?
0
What is the ten millions digit of 463037809?
6
What is the hundreds digit of 93629993?
9
What is the hundreds digit of 535190264?
2
What is the units digit of 504186117?
7
What is the thousands digit of 5960018?
0
What is the thousands digit of 704384609?
4
What is the ten thousands digit of 1522823631?
2
What is the hundred thousands digit of 817716098?
7
What is the millions digit of 1213196378?
3
What is the tens digit of 24730877?
7
What is the hundreds digit of 698568593?
5
What is the hundred thousands digit of 196566819?
5
What is the thousands digit of 466485723?
5
What is the ten millions digit of 387575972?
8
What is the thousands digit of 56851279?
1
What is the millions digit of 32628070?
2
What is the tens digit of 61272151?
5
What is the hundreds digit of 1563484971?
9
What is the millions digit of 52356783?
2
What is the thousands digit of 128801379?
1
What is the millions digit of 188747760?
8
What is the ten thousands digit of 72900622?
0
What is the ten millions digit of 111441276?
1
What is the hundred millions digit of 368820351?
3
What is the units digit of 1216846921?
1
What is the tens digit of 21299714?
1
What is the tens digit of 55744728?
2
What is the ten thousands digit of 131144885?
4
What is the units digit of 13571987?
7
What is the units digit of 304107309?
9
What is the ten thousands digit of 463894289?
9
What is the units digit of 142797541?
1
What is the ten millions digit of 242042293?
4
What is the hundred millions digit of 201285481?
2
What is the ten thousands digit of 10030051?
3
What is the millions digit of 28361712?
8
What is 